{"id":766,"date":"2022-07-29T18:13:42","date_gmt":"2022-07-29T21:13:42","guid":{"rendered":"https:\/\/institutojoaodebarroal.org\/index.php\/produto\/album\/"},"modified":"2022-09-13T20:30:34","modified_gmt":"2022-09-13T23:30:34","slug":"album","status":"publish","type":"product","link":"https:\/\/institutojoaodebarroal.org\/index.php\/produto\/album\/","title":{"rendered":"Inscri\u00e7\u00e3o"},"content":{"rendered":"<p>&nbsp;<\/p>\n<p><strong>APRESENTA\u00c7\u00c3O <\/strong><\/p>\n<p>O Simp\u00f3sio Interestadual de Fortalecimento do Sistema de Garantia de Direitos,\u00a0\u00a0 com o objetivo de promover uma capacita\u00e7\u00e3o e\u00a0 construir troca de experi\u00eancias e saberes, fortalecendo os la\u00e7os de relacionamento entre a teoria e a pr\u00e1tica com os que de forma direta ou indireta tem rela\u00e7\u00e3o com a Garantia do Direito de Crian\u00e7as e Adolescentes com base no Di\u00e1logo discutamos estrat\u00e9gias de fortalecimento da Rede de Atendimento, da Pol\u00edtica de Prote\u00e7\u00e3o e do SGD- Sistema de Garantia de Direitos de Crian\u00e7as e Adolescentes nos diversos segmentos da sociedade.<\/p>\n<p>Ser\u00e3o 3 dias de capacita\u00e7\u00e3o.<\/p>\n<p><strong>QUAL A FINALIDADE DO SIMP\u00d3SIO NACIONAL?<\/strong><\/p>\n<p>\u2013 Aprofundar o tema;<\/p>\n<p>\u2013 Propiciar o debate;<\/p>\n<p>\u2013 Socializar o conhecimento;<\/p>\n<p>\u2013 Despertar o interesse;<\/p>\n<p>\u2013 Estimular a participa\u00e7\u00e3o;<\/p>\n<p>\u2013 Tornar o estudo apraz\u00edvel.<\/p>\n<p>\u2013 Forma\u00e7\u00e3o Continuada.<\/p>\n<p>&nbsp;<\/p>\n<p><strong>PARA QUEM \u00c9 ESTE SIMP\u00d3SIO?<\/strong><\/p>\n<p>Educa\u00e7\u00e3o, sa\u00fade, assist\u00eancia social, sistema judici\u00e1rio e Conselhos Tutelares e todas as pessoas interessadas no Sistema de Garantia de Direitos.<\/p>\n<p>&nbsp;<\/p>\n<p><strong>METODOLOGIA<\/strong>\u00a0\u2013 O Simp\u00f3sio acontecer\u00e1 das 08h \u00e0s 17h nos dias 14, 15 e 16 de setembro de 2022.<\/p>\n<table width=\"576\">\n<tbody>\n<tr>\n<td width=\"112\"><strong>Dia <\/strong><\/td>\n<td width=\"112\"><strong>Hor\u00e1rio<\/strong><\/td>\n<td width=\"122\"><strong>A\u00e7\u00e3o <\/strong><\/td>\n<td width=\"231\"><strong>Palestrante <\/strong><\/td>\n<\/tr>\n<tr>\n<td rowspan=\"9\" width=\"112\">&nbsp;<\/p>\n<p>&nbsp;<\/p>\n<p>&nbsp;<\/p>\n<p>&nbsp;<\/p>\n<p>14 de setembro de 2022<\/td>\n<td width=\"112\">08h:00<\/td>\n<td colspan=\"2\" width=\"353\">Credenciamento e Acolhimento<\/td>\n<\/tr>\n<tr>\n<td width=\"112\">09:00<\/td>\n<td width=\"122\">Palestra: Sistema de Garantia de Direitos<\/td>\n<td width=\"231\">Dr. Alberto, de Almeida (Juiz da Vara da Inf\u00e2ncia de Arapiraca)<\/td>\n<\/tr>\n<tr>\n<td width=\"112\">10:00<\/td>\n<td width=\"122\">32 anos do ECA- Avan\u00e7os e Desafios<\/td>\n<td width=\"231\">Dra. Viviane Karla Farias- Promotora da 7 \u00aa Promotoria de Justi\u00e7a de Arapiraca da Inf\u00e2ncia e da Juventude.<\/td>\n<\/tr>\n<tr>\n<td width=\"112\">11:00<\/td>\n<td colspan=\"2\" width=\"353\">Professora Gineide<\/td>\n<\/tr>\n<tr>\n<td width=\"112\">14:00<\/td>\n<td width=\"122\">Procedimentos para adolescentes acusados da pr\u00e1tica de ato infracional: aspectos legais, te\u00f3ricos e pr\u00e1ticos (Estatuto da Crian\u00e7a e Adolescentes)<\/td>\n<td width=\"231\">Dr. Ernane Moura<\/td>\n<\/tr>\n<tr>\n<td width=\"112\">15:00<\/td>\n<td colspan=\"2\" width=\"353\">\u00a0Pol\u00edticas P\u00fablicas de atendimento a crian\u00e7a e adolescentes com defici\u00eancias | Professor Especialista Francisco de Assis<\/td>\n<\/tr>\n<tr>\n<td width=\"112\">16h00<\/td>\n<td width=\"122\">\u00a0Conselho Tutelar- Zelador dos direitos das crian\u00e7as e adolescentes.<\/td>\n<td width=\"231\">\u00a0Professor Edilson Santana<\/td>\n<\/tr>\n<tr>\n<td width=\"112\"><\/td>\n<td colspan=\"2\" width=\"353\"><\/td>\n<\/tr>\n<tr>\n<td width=\"112\">17h:00<\/td>\n<td colspan=\"2\" width=\"353\">P\u00f4r do Sol com Banda da BPM Mirante do Planet\u00e1rio<\/td>\n<\/tr>\n<\/tbody>\n<\/table>\n<p>&nbsp;<\/p>\n<table width=\"576\">\n<tbody>\n<tr>\n<td width=\"142\"><strong>Dia<\/strong><\/td>\n<td width=\"142\"><strong>Hor\u00e1rio<\/strong><\/td>\n<td width=\"142\"><strong>A\u00e7\u00e3o<\/strong><\/td>\n<td width=\"151\"><strong>Palestrante <\/strong><\/td>\n<\/tr>\n<tr>\n<td rowspan=\"10\" width=\"142\">&nbsp;<\/p>\n<p>&nbsp;<\/p>\n<p>&nbsp;<\/p>\n<p>&nbsp;<\/p>\n<p>&nbsp;<\/p>\n<p>&nbsp;<\/p>\n<p>15 de setembro de 2022<\/td>\n<td width=\"142\">08h:00<\/td>\n<td width=\"142\">\u00a0Palestra : Lei Henry Borel<\/td>\n<td width=\"151\">Consultor Jur\u00eddico George Luiz<\/td>\n<\/tr>\n<tr>\n<td width=\"142\"><\/td>\n<td width=\"142\"><\/td>\n<td width=\"151\"><\/td>\n<\/tr>\n<tr>\n<td width=\"142\">10h00<\/td>\n<td colspan=\"2\" width=\"293\">Caf\u00e9 e prosa<\/td>\n<\/tr>\n<tr>\n<td width=\"142\"><\/td>\n<td width=\"142\"><\/td>\n<td width=\"151\"><\/td>\n<\/tr>\n<tr>\n<td width=\"142\">11h15min<\/td>\n<td colspan=\"2\" width=\"293\">Mesa de di\u00e1logo<\/td>\n<\/tr>\n<tr>\n<td colspan=\"3\" width=\"435\">Intervalo para almo\u00e7o<\/td>\n<\/tr>\n<tr>\n<td width=\"142\">14h00<\/td>\n<td width=\"142\">Os direitos educacionais para crian\u00e7as e adolescentes no retorno as atividades presenciais<\/td>\n<td width=\"151\">Professor Mestre Jo\u00e3o Paulo Holanda<\/td>\n<\/tr>\n<tr>\n<td width=\"142\">15h00<\/td>\n<td width=\"142\">Paz, Respeito \u00e0s Diferen\u00e7as da Democracia Participativa<\/td>\n<td width=\"151\">Dr. Rog\u00e9rio Paranhos- Promotor de Justi\u00e7a Titular da 4 \u00aa Promotoria de Justi\u00e7a de Arapiraca.<\/td>\n<\/tr>\n<tr>\n<td width=\"142\">16h00<\/td>\n<td width=\"142\">\u00a0Cultura e afeto como instrumento de luta para a transforma\u00e7\u00e3o da realidade social<\/td>\n<td width=\"151\">Dr. Regis de Souza<\/td>\n<\/tr>\n<tr>\n<td width=\"142\">17h00<\/td>\n<td colspan=\"2\" width=\"293\">\u00a0Encerramento<\/td>\n<\/tr>\n<\/tbody>\n<\/table>\n<p>&nbsp;<\/p>\n<p>&nbsp;<\/p>\n<table style=\"height: 416px;\" width=\"271\">\n<tbody>\n<tr>\n<td width=\"142\"><\/td>\n<td width=\"142\"><\/td>\n<td width=\"142\"><\/td>\n<td colspan=\"2\" width=\"142\"><\/td>\n<\/tr>\n<tr>\n<td rowspan=\"6\" width=\"142\"><\/td>\n<td width=\"142\"><\/td>\n<td width=\"142\"><\/td>\n<td colspan=\"2\" width=\"142\"><\/td>\n<\/tr>\n<tr>\n<td width=\"142\"><\/td>\n<td colspan=\"3\" width=\"283\"><\/td>\n<\/tr>\n<tr>\n<td width=\"142\"><\/td>\n<td colspan=\"2\" width=\"144\"><\/td>\n<td width=\"139\"><\/td>\n<\/tr>\n<tr>\n<td width=\"142\"><\/td>\n<td colspan=\"3\" width=\"283\"><\/td>\n<\/tr>\n<tr>\n<td width=\"142\"><\/td>\n<td colspan=\"2\" width=\"144\"><\/td>\n<td width=\"139\"><\/td>\n<\/tr>\n<tr>\n<td width=\"142\"><\/td>\n<td colspan=\"3\" width=\"283\"><\/td>\n<\/tr>\n<tr>\n<td width=\"142\"><\/td>\n<td width=\"142\"><\/td>\n<td width=\"142\"><\/td>\n<td width=\"2\"><\/td>\n<td width=\"139\"><\/td>\n<\/tr>\n<\/tbody>\n<\/table>\n<p>&nbsp;<\/p>\n<p><strong>LOCAL:<\/strong> Planet\u00e1rio e Casa da Ci\u00eancia- Lago da Perucaba, s\/n, Z\u00e9lia Barbosa.<\/p>\n<p>Cidade: Arapiraca-AL<\/p>\n<p>&nbsp;<\/p>\n<p><strong>REALIZA\u00c7\u00c3O:<\/strong> Instituto Jo\u00e3o de Barro em parceria com a Pensar Consultoria e Treinamentos.<\/p>\n","protected":false},"excerpt":{"rendered":"<p>Oferta com desconto v\u00e1lida at\u00e9 o dia 21 de agosto de 2022.<\/p>\n","protected":false},"featured_media":819,"comment_status":"open","ping_status":"closed","template":"","meta":{"site-sidebar-layout":"default","site-content-layout":"default","ast-global-header-display":"","ast-main-header-display":"","ast-hfb-above-header-display":"","ast-hfb-below-header-display":"","ast-hfb-mobile-header-display":"","site-post-title":"","ast-breadcrumbs-content":"","ast-featured-img":"","footer-sml-layout":"","theme-transparent-header-meta":"default","adv-header-id-meta":"","stick-header-meta":"","header-above-stick-meta":"","header-main-stick-meta":"","header-below-stick-meta":""},"product_cat":[32],"product_tag":[],"_links":{"self":[{"href":"https:\/\/institutojoaodebarroal.org\/index.php\/wp-json\/wp\/v2\/product\/766"}],"collection":[{"href":"https:\/\/institutojoaodebarroal.org\/index.php\/wp-json\/wp\/v2\/product"}],"about":[{"href":"https:\/\/institutojoaodebarroal.org\/index.php\/wp-json\/wp\/v2\/types\/product"}],"replies":[{"embeddable":true,"href":"https:\/\/institutojoaodebarroal.org\/index.php\/wp-json\/wp\/v2\/comments?post=766"}],"wp:featuredmedia":[{"embeddable":true,"href":"https:\/\/institutojoaodebarroal.org\/index.php\/wp-json\/wp\/v2\/media\/819"}],"wp:attachment":[{"href":"https:\/\/institutojoaodebarroal.org\/index.php\/wp-json\/wp\/v2\/media?parent=766"}],"wp:term":[{"taxonomy":"product_cat","embeddable":true,"href":"https:\/\/institutojoaodebarroal.org\/index.php\/wp-json\/wp\/v2\/product_cat?post=766"},{"taxonomy":"product_tag","embeddable":true,"href":"https:\/\/institutojoaodebarroal.org\/index.php\/wp-json\/wp\/v2\/product_tag?post=766"}],"curies":[{"name":"wp","href":"https:\/\/api.w.org\/{rel}","templated":true}]}}